-10 - (3 + -2 - 5)).
-7
What is 6 - (-7 - -3) - 5?
5
What is the value of 0 + (-7 - (-1 + -3) - 0)?
-3
Evaluate -2 - (-1 + -4) - -2.
5
Calculate (4 - 9 - -11) + 1.
7
Calculate (-16 - -10) + 0 + 11.
5
(8 - (-3 + 0 - -4)) + -5
2
Evaluate (-7 - -16) + (0 - 8).
1
What is the value of -6 + 0 - (-15 - -10)?
-1
What is the value of 1 - (0 - 0) - (-2 + -2)?
5
-3 + -4 - -4 - 0
-3
What is (5 - (11 - 4)) + 9?
7
Calculate -9 - (6 + -9) - -3.
-3
Evaluate (-2 - (7 - 11)) + 4 + 0.
6
Calculate -10 - -13 - (-1 - (-1 - 6)).
-3
What is -3 + -2 + -3 - -5?
-3
What is the value of 8 + -4 + 1 + -5?
0
What is the value of (-1 - -1) + -6 + -166 + 171?
-1
What is the value of -7 + (-1 - -3) - -9?
4
-3 - (-1 + (4 - 7)) - 0
1
What is 3 + (1 + 2 - 6)?
0
Calculate -2 + -3 + 1 + 7 + -5.
-2
Evaluate -10 + (9 - -7) - -4.
10
What is the value of (-1 - 3) + (15 - 16)?
-5
What is 2 - 5 - (-1 - (8 + -1))?
5
5 - (4 - (-7 - 3))
-9
Calculate -18 + 4 + 4 - -2.
-8
What is 2 - 8 - (-16 - -17) - -6?
-1
Calculate 3 + -3 + 3 - -2.
5
(2 - 3) + (-3 - -2)
-2
What is 3 - (-1 - -2) - -2?
4
Evaluate -5 + 3 + -4 + 4.
-2
Evaluate 8 - (-2 - (-14 - -6)).
2
What is the value of -1 + -3 + -1 + 1 + 2?
-2
Calculate 5 + (3 - (1 - -4)).
3
Calculate (4 - (5 + -7 - -3)) + -6.
-3
Calculate 2 - (0 - -3) - 9.
-10
What is -10 + (7 - (3 + -2))?
-4
What is -12 + (-6 - (-11 - -1))?
-8
Calculate -11 - -23 - (-2 + 10).
4
5 + -5 + 10 + -8
2
(-4 - (-1 - 2)) + (26 - 31)
-6
What is the value of -18 - (-21 + 2) - (-6 - 0)?
7
Calculate -4 - (6 + (6 + -4 - 9)).
-3
What is the value of 4 + (-2 - -4 - 1) - 3?
2
Evaluate -1 - (-1 - (4 - 4)).
0
Evaluate (3 - -3) + -10 + 2.
-2
What is the value of -2 + (-4 - (6 + -2 + -6))?
-4
Calculate (-1 - (1 - 4)) + (1 - 1).
2
What is -7 + 10 + -12 + 3?
-6
What is the value of (3 - (-3 - -2)) + 9 + -8?
5
(6 - 15) + 8 + 4 + 2
5
What is the value of -1 + 3 - (-1 + -1)?
4
What is (-5 + 4 - 5) + 1 + 3?
-2
Calculate (0 - -1) + (-3 - (-12 + 5)).
5
What is the value of 2 + -1 + (-21 - -19)?
-1
What is 5 - (-13 - (-23 + 13))?
8
What is the value of 0 + 2 + -2 - (4 + 1)?
-5
(4 + -4 - 0) + -5 + 0
-5
Calculate -5 - (-1 + 4 + -3) - -5.
0
(-1 + 2 - (-1 - 1)) + -5
-2
What is the value of 2 + 1 - (6 - 0 - -1)?
-4
What is the value of (-8 - (-9 + 7)) + 16?
10
What is the value of (-2 - 6 - -14) + -1?
5
Calculate (4 - 18 - -7) + 3.
-4
What is -8 + (11 - 7) + 13?
9
Evaluate (-6 - -1) + (-17 - -18).
-4
What is 1 - (2 - -1) - (4 - 4)?
-2
What is the value of 2 + -3 + 1 + 3?
3
What is the value of 0 + 5 - (17 + -10)?
-2
What is the value of 0 + 0 - (-3 - (3 - 8))?
-2
What is the value of 7 + 3 - (4 + -2 - -1)?
7
(24 - 20) + (2 - 1) + -4
1
Calculate -8 + 1 + 4 + 1.
-2
What is 8 - ((3 - 5) + 6)?
4
What is 6 - ((0 - 1) + 3)?
4
Calculate 6 - (3 + -3 + 5).
1
0 - -1 - (-9 + 17 - 7)
0
(2 - (-4 - (-2 - 1))) + 2
5
What is the value of -13 + 17 + 4 + -14?
-6
-3 - (2 - 1) - (6 - 5)
-5
Calculate -1 - -3 - (-1 - -4 - 4).
3
What is 1 + 0 + (1 + 0 - 6)?
-4
What is -9 + (5 - 2) - 5 - -6?
-5
Evaluate 2 + -1 + (-5 + 0 - -8).
4
Evaluate -1 - (-6 - -2 - -8).
-5
What is the value of 5 + 17 + -6 + -7 + -7?
2
Evaluate -3 + 4 + -2 + -4.
-5
Evaluate 4 - ((4 - 11) + 5 + 2).
4
125 - 122 - (10 - 0)
-7
Calculate 1 + (0 - -2) - (-1 - -8).
-4
Evaluate -19 - -12 - (-7 - -1).
-1
Evaluate (2 - 5) + -8 + 3 + 9.
1
What is the value of -5 + 13 - (-3 - 0 - -4)?
7
What is the value of 7 - 0 - (1 + -1 + 2)?
5
What is the value of 1 + -8 - (-5 + -2)?
0
Calculate 0 + (5 - 6) - 3.
-4
Calculate -5 + 0 + (-2 - (-3 + -1)).
-3
Calculate -6 + (2 - 0) - -1.
-3
What is (-8 - -5) + 11 - 4?
4
Evaluate (-1 - 3) + 0 + 2.
-2
What is the value of (3 - 5) + 0 + 1 + -4?
-5
-8 + (17 - 7) - -3
5
Calculate 3 + 2 - 10 - -1.
-4
(-1 - 10) + -1 + 6
-6
Evaluate -1 + -2 + (-4 - (1 - 11)).
3
What is 7 + -4 + (0 - (-1 + -1))?
5
What is 8 + -8 + 4 + 1?
5
What is 3 + (4 - 14 - -4) + -2?
-5
What is (-2 - -1) + 2 + -4?
-3
Calculate 1 - -4 - (6 + -5).
4
Calculate 2 - (5 - 1) - (0 + 1).
-3
-3 + 5 + 2 - 1 - 3
0
1 + 8 - (34 + -17)
-8
Calculate 9 + -3 + -16 + 11.
1
What is 2 - (5 + -4 + (3 - 8))?
6
Evaluate 4 + (7 + -3 - 3 - 2).
3
0 + 6 - -2 - 10
-2
Evaluate (-3 - -6) + -4 + (6 - 1).
4
-8 + 2 + 0 - -13
7
What is the value of -3 - (19 + -3) - -12?
-7
-140 + 132 + 1 + 7
0
What is the value of (-4 - -2) + 3 + 2 + -2?
1
-3 - (-4 + (0 - 4))
5
What is the value of (-2 - (6 - 7)) + -7 - -1?
-7
(5 - 15) + 8 - (-3 + -1)
2
What is -10 - -10 - 1 - (-6 + 0)?
5
Evaluate (3 - (5 - 2)) + (-1 - -5).
4
-4 + 2 + 4 + 2
4
Calculate -5 + 7 + -6 - 1 - -6.
1
4 + 1 - (-9 - -13)
1
What is 12 + -10 - (-1 + 2)?
1
What is 0 - (2 + -3 - 5) - 5?
1
Evaluate 1 + 0 + -11 + (15 - 12).
-7
What is (1 + 4 - -2) + -7?
0
Evaluate 2 - (-2 - 0) - (0 - -6).
-2
What is the value of (1 + 1 - 2) + 7 + -2?
5
Evaluate -6 + (1 + -1 - -4) - 1.
-3
Evaluate -3 - 3 - 6 - -9.
-3
Calculate 10 - 13 - -6 - (1 - 8).
10
0 - -3 - (17 + -14)
0
3 + -1 + (-2 - 1) + 2
1
What is the value of 1 + -4 + 5 - -2?
4
Evaluate -6 + 1 + 4 + 1.
0
What is -3 + -1 - (-4 + 3)?
-3
What is -17 + 27 + -4 + -6 + 1?
1
What is the value of (0 - 0) + 3 - -2?
5
What is the value of 0 + -6 + 4 - 2?
-4
What is the value of -2 - 0 - (11 + -8)?
-5
What is 1 - ((5 - 2) + (-1 - -4))?
-5
Calculate -8 + 24 + (2 - 5) + -4.
9
What is the value of 10 - (22 - (3 + 2))?
-7
Calculate 0 - (0 + -1 + 15 + -15).
1
4 + -5 + -3 + 3
-1
Calculate -1 + 0 + -1 + 4.
2
What is 0 + -5 - (0 + (-4 - -2))?
-3
What is the value of -3 + (1 - 1) + (55 - 48)?
4
(2 - 1) + 4 + -1 - 4
0
What is the value of 0 + 1 + (36 - 41)?
-4
Evaluate 0 - (1 - 1 - (-12 - -10)).
-2
Calculate -1 + (-2 - ((8 - 4) + -4)).
-3
What is (-1 - -2) + 0 + -1?
0
What is -14 + 5 + (-4 - 0) + 4?
-9
Calculate (-6 - (4 + -4)) + 3.
-3
What is the value of 3 + 0 + 1 + (-18 - -7)?
-7
0 - (4 + (1 - 0))
-5
What is the value of -5 - (-2 - (3 - 1))?
-1
-6 - (5 + -9 + 0)
-2
What is the value of -9 + -5 + 0 + 12?
-2
Calculate 3 - 0 - (-13 - -11).
5
What is -1 + 6 - (-2 + 5)?
2
What is -4 + (-7 - (-8 - -5))?
-8
What is -1 + 0 + (3 - 5)?
-3
(-3 - -8) + 0 + -3 + -1
1
Evaluate (3 - 6) + 0 + 5.
2
What is -3 + (4 - 1) + 0?
0
Calculate (2 - -4) + (-10 - (7 - 12)).
1
Calculate -9 + 7 - -5 - 4.
-1
What is the value of -2 + (2 - 4) + 4?
0
Evaluate (0 - 2 - -4) + (-5 - -1).
-2
Calculate -10 + 18 + -3 + -1.
4
What is the value of 2 + 3 + (-7 - -5)?
3
Evaluate 3 - -1 - (3 + (-1 - 0)).
2
Calculate -6 - (-4 + -4) - 9.
-7
Evaluate 10 + 1 + -12 + 2.
1
Evaluate 0 - ((-4 - -2) + 4 + -1).
-1
What is 4 - 2 - (2 + 1 + -4)?
3
What is -2 - 1 - (2 + -7)?
2
What is the value of 9 + (11 - 20) + -1?
-1
Evaluate 5 - (-4 + (0 - -4)).
5
What is -10 + (3 - (-15 + 12))?
-4
What is 0 + -2 + -3 - 0?
-5
What is the value of -3 + 9 + (-7 - -9)?
8
What is the value of -2 + (-5 + (5 - -6) - -2)?
6
Calculate -12 - (6 + -13 + (-2 - -2)).
-5
What is the value of -14 + 16 - ((0 - 2) + 0)?
4
Evaluate (4 - -1) + 7 + -6.
6
What is 2 + -2 + (4 - 1) + -6?
-3
What is the value of -4 + (11 - 1 - 6)?
0
Calculate (1 - -1) + -9 + 10.
3
Calculate -4 - (-1 - (-2 + 3)).
-2
What is the value of 3 - (2 + -12 + 6 + 1)?
6
What is the value of (0 - (3 + (-7 - 3))) + -4?
3
What is 7 + (2 - -11) - 11?
9
Calculate (-3 - (9 + -4)) + 4.
-4
What is the value of 10 + -5 + 4 + 0 + -3?
6
Evaluate (-3 - -3) + -2 + 0.
-2
What is the value of 0 + -2 + 0 - (45 + -50)?
3
Calculate -3 + 7 + (-5 - -5).
4
Evaluate 3 + -8 - (3 + -11).
3
Evaluate 4 - (5 - (7 + -6)).
0
What is 8 - (7 + (-4 - 4 - -4))?
5
What is -12 + (-10 + 6 - -1 - -6)?
-9
What is (-29 - -21) + (3 - -1)?
-4
(-6 - (0 + -5)) + 4
3
6 - (3 + 5 + -8)
6
What is the value of 1 + 1 + -6 - (17 - 12)?
-9
What is the value of 6 - (3 + -5 + (2 - -2))?
4
What is -4 + 4 - (-6 - (-1 + 2))?
7
10 - 14 - ((2 - 4) + -6)
4
What is the value of 3 - (-5 + 6 + -2)?
4
What is the value of 4 + -1 + -1 + 2?
4
What is the value of -13 + 9 + 15 - 21?
-10
What is the value of -4 - (1 + -7 + 4)?
-2
Calculate -4 + (6 + -13 - -1).
-10
4 - (-4 + (0 - -2 - 0))
6
Evaluate -5 + (6 - 10) - -1.
-8
Calculate -1 - -12 - 0 - (9 - 1).
3
What is the value of (-12 - -8) + 11 - 8?
-1
What is the value of (15 + -2 - 5) + -2?
6
What is (-18 - -13) + -2 + 1 + 1?
-5
What is the value of (51 - 44) + -4 + -1?
2
10 - (-11 + (11 - -3))
7
What is the value of -67 + 50 - (2 - (6 - -2))?
-11
Evaluate -4 + 